{"id":98,"date":"2022-03-06T02:46:28","date_gmt":"2022-03-06T01:46:28","guid":{"rendered":"http:\/\/jobdelocronan.com\/?page_id=98"},"modified":"2022-03-14T17:13:02","modified_gmt":"2022-03-14T16:13:02","slug":"job-le-sculpteur-de-locronan","status":"publish","type":"page","link":"https:\/\/jobdelocronan.com\/index.php\/job-le-sculpteur-de-locronan\/","title":{"rendered":"JOB le sculpteur de Locronan"},"content":{"rendered":"\n<h1>Biographie:<\/h1>\n\n\n\n<hr class=\"wp-block-separator\"\/>\n\n\n\n<div class=\"wp-block-media-text alignwide has-media-on-the-right is-stacked-on-mobile\" style=\"grid-template-columns:auto 41%\"><figure class=\"wp-block-media-text__media\"><img loading=\"lazy\" width=\"845\" height=\"528\" src=\"http:\/\/jobdelocronan.com\/wp-content\/uploads\/2022\/03\/CartepersonnelleLocronan-edited.jpg\" alt=\"\" class=\"wp-image-228 size-full\" srcset=\"https:\/\/jobdelocronan.com\/wp-content\/uploads\/2022\/03\/CartepersonnelleLocronan-edited.jpg 845w, https:\/\/jobdelocronan.com\/wp-content\/uploads\/2022\/03\/CartepersonnelleLocronan-edited-300x187.jpg 300w, https:\/\/jobdelocronan.com\/wp-content\/uploads\/2022\/03\/CartepersonnelleLocronan-edited-768x480.jpg 768w\" sizes=\"(max-width: 845px) 100vw, 845px\" \/><\/figure><div class=\"wp-block-media-text__content\">\n<p>Joseph Le Gall, dit Job le sculpteur de Locronan, est n\u00e9 \u00e0 Sainte-S\u00e8ve \u00e0 proximit\u00e9 de Morlaix, le 29 d\u00e9cembre 1907 et est d\u00e9c\u00e9d\u00e9 \u00e0 Douarnenez, 14 mai 1981. JOB \u00e9tait un sculpteur breton dans la lign\u00e9e des imagiers du moyen \u00e2ge qui s\u2019installa au village de Locronan en 1929 o\u00f9 il travailla jusqu\u2019\u00e0 ses derniers jours.<\/p>\n<\/div><\/div>\n\n\n\n<p class=\"has-text-align-right has-small-font-size\"><em>Carte personnelle de Job \u00e0 ses d\u00e9buts, Collection Herv\u00e9 Le Bihan, Locronan<\/em><\/p>\n\n\n\n<hr class=\"wp-block-separator\"\/>\n\n\n\n<p>Un article de la revue r\u00e9gionale bretonne ADSAO raconte ses origines m\u00e9connues. JOB aurait pouss\u00e9 son instruction jusqu\u2019au certificat d\u2019\u00e9tude puis commenc\u00e9 sa carri\u00e8re de sculpteur comme apprenti \u00e9b\u00e9niste \u00e0 l\u2019atelier de Mr Kerautret de Morlaix o\u00f9 il serait rest\u00e9 entre trois et quatre ans. Il a travaill\u00e9 ensuite \u00e0 l\u2019atelier Tr\u00e9anton \u00e0 Morlaix, galerie d\u2019antiquit\u00e9, atelier de restauration et sculpture. Chez Tr\u00e9anton, il commence sa carri\u00e8re dans la sculpture de saints bretons. Ensuite, Il part faire son service militaire en Afrique aux tirailleurs alg\u00e9riens. A son retour, il se serait rendu \u00e0 Paris o\u00f9 il n\u2019aurait travaill\u00e9 qu\u2019une br\u00e8ve p\u00e9riode dans un atelier d&rsquo;\u00e9b\u00e9nisterie.<\/p>\n\n\n\n<p>En 1929, il se fixe \u00e0 Locronan. A ses d\u00e9buts, il vit dans un grenier lou\u00e9 au milieu d&rsquo;instruments agricoles et y travaille de la restauration de mobilier breton mais surtout de la sculpture. On se rappelle de lui \u00e0 l\u2019\u00e9tabli en plein air, maillet et ciseau en mains, sur la place de l\u2019\u00e9glise. Les archives de l\u2019\u00e9poque semblent le d\u00e9crire comme r\u00e9alisant une performance, au vu des passants, lui entour\u00e9 de ses statues, du matin au soir par tous les temps de l\u2019ann\u00e9e.<\/p>\n\n\n\n<figure class=\"wp-block-gallery has-nested-images columns-default is-cropped\">\n<figure class=\"wp-block-image size-full\"><img loading=\"lazy\" width=\"661\" height=\"507\" data-id=\"281\"  src=\"http:\/\/jobdelocronan.com\/wp-content\/uploads\/2022\/03\/Bio19302.jpg\" alt=\"\" class=\"wp-image-281\" srcset=\"https:\/\/jobdelocronan.com\/wp-content\/uploads\/2022\/03\/Bio19302.jpg 661w, https:\/\/jobdelocronan.com\/wp-content\/uploads\/2022\/03\/Bio19302-300x230.jpg 300w\" sizes=\"(max-width: 661px) 100vw, 661px\" \/><\/figure>\n\n\n\n<figure class=\"wp-block-image size-full\"><img loading=\"lazy\" width=\"657\" height=\"491\" data-id=\"282\"  src=\"http:\/\/jobdelocronan.com\/wp-content\/uploads\/2022\/03\/Bio1930.jpg\" alt=\"\" class=\"wp-image-282\" srcset=\"https:\/\/jobdelocronan.com\/wp-content\/uploads\/2022\/03\/Bio1930.jpg 657w, https:\/\/jobdelocronan.com\/wp-content\/uploads\/2022\/03\/Bio1930-300x224.jpg 300w\" sizes=\"(max-width: 657px) 100vw, 657px\" \/><\/figure>\n\n\n\n<figure class=\"wp-block-image size-full\"><img loading=\"lazy\" width=\"637\" height=\"521\" data-id=\"283\"  src=\"http:\/\/jobdelocronan.com\/wp-content\/uploads\/2022\/03\/Bio19303.jpg\" alt=\"\" class=\"wp-image-283\" srcset=\"https:\/\/jobdelocronan.com\/wp-content\/uploads\/2022\/03\/Bio19303.jpg 637w, https:\/\/jobdelocronan.com\/wp-content\/uploads\/2022\/03\/Bio19303-300x245.jpg 300w\" sizes=\"(max-width: 637px) 100vw, 637px\" \/><\/figure>\n<figcaption class=\"blocks-gallery-caption\"><em>Job sur la place de l&rsquo;\u00e9glise au d\u00e9buts des ann\u00e9es 1930, Collection Herv\u00e9 Le Bihan, Locronan<\/em><\/figcaption><\/figure>\n\n\n\n<p>A partir des ann\u00e9es 1930, on le retrouve r\u00e9guli\u00e8rement dans les foires locales o\u00f9 il suscitait de la fascination par sa rapidit\u00e9 dans la taille \u00e0 sortir un portrait, de personnages folkloriques et personnalit\u00e9s politiques. D\u2019\u00e2me voyageuse et boh\u00e8me, JOB parcourait les villes de France, en stop, au rythme des foires artisanales et des saisons touristiques, Nantes, Paris, Meg\u00e8ve, Nice notamment. JOB \u00e9tait devenu un portraitiste reconnu pour son habilet\u00e9 \u00e0 cr\u00e9er un buste \u00e0 partir seulement d\u2019un mod\u00e8le photographique, avec la rapidit\u00e9 de le sortir d\u2019un bloc de ch\u00eane en quelques heures d\u2019une journ\u00e9e. De ses voyages \u00e0 travers la France, il aurait ramen\u00e9 de Montmartre la technique du silhouettiste. A la saison estivale de Locronan, on le voyait \u201ccroquer\u201d plus d\u2019une centaine de silhouettes par jour.<br><\/p>\n\n\n\n<p>Au d\u00e9but des ann\u00e9es 1950, il rencontra Eliane qui deviendra son \u00e9pouse et la responsable de l\u2019application de la polychromie et de la patine au feu donnant un aspect ancien au bois. Ensemble, elle au volant, ils roulaient d\u2019\u00e9glises en chapelles o\u00f9 il r\u00e9alisait sur place les calques et les prises photographiques qui seraient ses mod\u00e8les d\u2019inspiration.<\/p>\n\n\n\n<p>Son atelier en haut de la place \u00e9tait devenu son magasin et lieu d\u2019exposition o\u00f9 le public pouvait admirer les saints et bustes bretons, r\u00e9cemment taill\u00e9s mais \u00e0 l\u2019apparence d\u2019antiquit\u00e9s. Fid\u00e8le \u00e0 ses d\u00e9buts, alors arriv\u00e9 d\u00e9muni \u00e0 Locronan, il continuait de sculpter et d\u00e9couper les silhouettes, toujours en plein air, par tous les temps. Il acquit plusieurs propri\u00e9t\u00e9s et d\u00e9veloppa son activit\u00e9 \u00e0 l\u2019aide de machines m\u00e9caniques avec une envergure presque industrielle.<\/p>\n\n\n\n<p><br>JOB l&rsquo;imagier continue encore aujourd\u2019hui d&rsquo;\u00eatre une figure indissociable du village de Locronan; Mod\u00e8le des cartes postales \u00e0 son \u00e9ternel poste du coin de la place, ou bien sculptant face \u00e0 son atelier dont la fa\u00e7ade \u00e9tait orn\u00e9e de ses images, tel un temple de la sculpture m\u00e9di\u00e9vale encore en activit\u00e9 parmi les anciennes maisons de granit.<\/p>\n\n\n\n<hr class=\"wp-block-separator\"\/>\n\n\n\n<h2>Influences:<\/h2>\n\n\n\n<p>Tout au long de sa carri\u00e8re de sculpteur, il s\u2019inspire des images expos\u00e9es dans les \u00e9difices religieux et calvaires du Finist\u00e8re.<br>Saint Christophe, Saint Michel et Saint Roch de l\u2019\u00e9glise de Locronan, Saint C\u00f4me et Saint Damien de la chapelle de Saint Nic, le groupe de Sainte Apolline, Saint Alar, l\u2019Ankou de Ploumilliau, ou bien encore Sainte Anne Trinitaire, d\u00e9votion particuli\u00e8re du culte breton, sont quelques exemples de son univers de r\u00e9f\u00e9rence.<\/p>\n\n\n\n<p>Son \u0153uvre comprend \u00e9galement des th\u00e8mes iconographiques de l\u2019art chr\u00e9tien comme des \u00e9pisodes de la Nativit\u00e9, la fuite en Egypte, le massacre des Innocents inspir\u00e9s de calvaires monumentaux bretons.<\/p>\n\n\n\n<p>Il se fait \u00e9galement une renomm\u00e9e dans la r\u00e9gion \u00e0 travers ses bustes r\u00e9alis\u00e9s en bois, repr\u00e9sentant personnalit\u00e9s locales, p\u00eacheurs, ou bien encore c\u00e9l\u00e9brit\u00e9s et personnalit\u00e9s politiques. Usant sa m\u00e9moire, aid\u00e9e uniquement de deux photos, face et profil, il a le don de sculpter des bustes d\u2019une frappante ressemblance.<\/p>\n\n\n\n<div class=\"wp-block-media-text alignwide is-stacked-on-mobile\"><figure class=\"wp-block-media-text__media\"><img loading=\"lazy\" width=\"300\" height=\"202\" src=\"http:\/\/jobdelocronan.com\/wp-content\/uploads\/2022\/03\/Job-Jean-moulin-300x202.jpg\" alt=\"\" class=\"wp-image-224 size-medium\" srcset=\"https:\/\/jobdelocronan.com\/wp-content\/uploads\/2022\/03\/Job-Jean-moulin-300x202.jpg 300w, https:\/\/jobdelocronan.com\/wp-content\/uploads\/2022\/03\/Job-Jean-moulin.jpg 733w\" sizes=\"(max-width: 300px) 100vw, 300px\" \/><\/figure><div class=\"wp-block-media-text__content\">\n<p>Il acc\u00e9de \u00e0 un cercle de personnalit\u00e9s de renomm\u00e9e locale et nationale, peintres, artistes, politiques, par l\u2019interm\u00e9diaire de Charles Dani\u00e9lou, maire de Locronan \u00e0 l\u2019\u00e9poque. Les bustes, notamment, suscitaient une grande admiration dans ce milieu. Il fr\u00e9quente le docteur Augustin Tuset, Jean Moulin et Ren\u00e9 Quilivic.<\/p>\n<\/div><\/div>\n\n\n\n<p class=\"has-small-font-size\"><em>(Photographie: Rencontre au manoir de Coecilian, \u00e0 Camaret en 1932. De droite \u00e0 gauche: Augustin Tuset, Jean Moulin, JOB, Saint-Pol-Roux, Divine, Rose la servante, le journaliste Roger Louis Pillet et son \u00e9pouse)<\/em><\/p>\n\n\n\n<p>Entre les ann\u00e9es 1930 et 1950, Il collabore avec la fa\u00efencerie Henriot Quimper pour qui ses mod\u00e8les de sculptures ont servi \u00e0 la production d\u2019une \u00e9dition limit\u00e9e de Fa\u00efences.<\/p>\n\n\n\n<figure class=\"wp-block-image size-large\"><img loading=\"lazy\" width=\"1024\" height=\"510\" src=\"http:\/\/jobdelocronan.com\/wp-content\/uploads\/2022\/03\/WhatsApp-Image-2021-07-02-at-17.22.37-1024x510.jpeg\" alt=\"\" class=\"wp-image-301\" srcset=\"https:\/\/jobdelocronan.com\/wp-content\/uploads\/2022\/03\/WhatsApp-Image-2021-07-02-at-17.22.37-1024x510.jpeg 1024w, https:\/\/jobdelocronan.com\/wp-content\/uploads\/2022\/03\/WhatsApp-Image-2021-07-02-at-17.22.37-300x150.jpeg 300w, https:\/\/jobdelocronan.com\/wp-content\/uploads\/2022\/03\/WhatsApp-Image-2021-07-02-at-17.22.37-768x383.jpeg 768w, https:\/\/jobdelocronan.com\/wp-content\/uploads\/2022\/03\/WhatsApp-Image-2021-07-02-at-17.22.37-1536x766.jpeg 1536w, https:\/\/jobdelocronan.com\/wp-content\/uploads\/2022\/03\/WhatsApp-Image-2021-07-02-at-17.22.37-1170x583.jpeg 1170w, https:\/\/jobdelocronan.com\/wp-content\/uploads\/2022\/03\/WhatsApp-Image-2021-07-02-at-17.22.37.jpeg 1599w\" sizes=\"(max-width: 1024px) 100vw, 1024px\" \/><figcaption><em>Terres Sacr\u00e9es, Vierges et Saints en Fa\u00efences de Quimper<\/em><\/figcaption><\/figure>\n\n\n\n<hr class=\"wp-block-separator\"\/>\n\n\n\n<p>Sources:<\/p>\n\n\n\n<p><em>Job de Locronan<\/em>, Collection Question de m\u00e9moire, \u00e9ditions C.M.D, Patrick Denieul.<br><em>Job Le Gall, L\u2019imagier de Locronan<\/em>, L\u2019ADSAO, revue mensuelle, \u00e9dition \u00e9t\u00e9 1934, pages 8-9 ; La d\u00e9p\u00eache, \u00e9dition du 28 aout 1934, page 4, Ren\u00e9 Villard.<br><em>Nos Artisans bretons<\/em>, Quimper et la Cornouaille, \u00e9dition du mois d\u2019octobre 1933, N\u00b012, page 6-7.<\/p>\n\n\n\n<p><em>Terres Sacr\u00e9es, Vierges et Saints en Fa\u00efences de Quimper<\/em>, Antoine Maign\u00e9, Editions de la Reinette, 2009, ISBN-10 \u200f : \u200e2913566383 ISBN-13 \u200f : \u200e 978-2913566385.<\/p>\n\n\n\n<p><\/p>\n","protected":false},"excerpt":{"rendered":"<p>Biographie: Joseph Le Gall, dit Job le sculpteur de Locronan, est n\u00e9 \u00e0 Sainte-S\u00e8ve \u00e0 proximit\u00e9 de Morlaix, le 29 d\u00e9cembre 1907 et est d\u00e9c\u00e9d\u00e9 \u00e0 Douarnenez, 14 mai 1981. JOB \u00e9tait un sculpteur breton dans la lign\u00e9e des imagiers du moyen \u00e2ge qui s\u2019installa au village de Locronan en 1929 o\u00f9 il travailla jusqu\u2019\u00e0 [&hellip;]<\/p>\n","protected":false},"author":1,"featured_media":0,"parent":0,"menu_order":0,"comment_status":"closed","ping_status":"closed","template":"","meta":[],"_links":{"self":[{"href":"https:\/\/jobdelocronan.com\/index.php\/wp-json\/wp\/v2\/pages\/98"}],"collection":[{"href":"https:\/\/jobdelocronan.com\/index.php\/wp-json\/wp\/v2\/pages"}],"about":[{"href":"https:\/\/jobdelocronan.com\/index.php\/wp-json\/wp\/v2\/types\/page"}],"author":[{"embeddable":true,"href":"https:\/\/jobdelocronan.com\/index.php\/wp-json\/wp\/v2\/users\/1"}],"replies":[{"embeddable":true,"href":"https:\/\/jobdelocronan.com\/index.php\/wp-json\/wp\/v2\/comments?post=98"}],"version-history":[{"count":34,"href":"https:\/\/jobdelocronan.com\/index.php\/wp-json\/wp\/v2\/pages\/98\/revisions"}],"predecessor-version":[{"id":305,"href":"https:\/\/jobdelocronan.com\/index.php\/wp-json\/wp\/v2\/pages\/98\/revisions\/305"}],"wp:attachment":[{"href":"https:\/\/jobdelocronan.com\/index.php\/wp-json\/wp\/v2\/media?parent=98"}],"curies":[{"name":"wp","href":"https:\/\/api.w.org\/{rel}","templated":true}]}}